m - 63. Is m prime?
False
Suppose 3*x - 1691 = 1210. Is x a prime number?
True
Let w(d) = d**2 + 5*d + 3. Let u be w(-5). Suppose -u*p - 5*c = -13 - 12, 4*p = -4*c + 44. Is p composite?
True
Let f(v) = 16*v - 9. Let j be (-3)/4 + (-38)/(-8). Let p(m) = 3*m - 6. Let b be p(j). Is f(b) prime?
False
Suppose -2*u - 3*u = -350. Let r = -39 + u. Is r a prime number?
True
Let q = -26 - -43. Let f = q + 5. Is f composite?
True
Let v(u) = -4*u**3 + u**2 - u - 1. Is v(-3) composite?
True
Suppose 658 = a - 19. Is a a prime number?
True
Let n = -92 + 181. Let h = n - 4. Is h composite?
True
Suppose -5*o = -l + 228, 0 = 4*l - 3*o + 204 - 1099. Is l prime?
True
Suppose -2*o + 58 = -48. Is o a prime number?
True
Suppose -a = 3*k - 10, 2*a + 0 = 2. Suppose k*c = c - 6. Is (-1)/(-2*c/(-66)) composite?
False
Suppose 3*g + 9 = -3*b, 0 = -b - 0*b + g + 7. Is b - 2 - (4 - 23) a composite number?
False
Let u(j) = 12*j - 2 - 19*j + 48*j. Let b be u(2). Suppose b - 6 = 2*r. Is r prime?
True
Let o(x) = 16*x**2 + 5*x - 8. Is o(-6) prime?
False
Let n = 78 - 25. Is n prime?
True
Let m be (-5 - -1) + 8 + 18. Suppose 132 = 2*g + 5*w + m, -272 = -4*g + 3*w. Is g a prime number?
False
Suppose 2*h - 2*d = -7*d + 994, 4*d + 1932 = 4*h. Is h a composite number?
False
Let r be 26/(-10) - 2/5. Let t(a) = 2*a - 3. Let m be t(r). Is (m/(-6))/(1/38) composite?
True
Let j(a) = a**3 + 9*a**2 - 4*a - 7. Is j(-7) prime?
False
Let c = 767 - -744. Is c prime?
True
Suppose -180 = -3*m - 2*m. Is 1124/m + (-2)/9 a prime number?
True
Is -1087*(8 - 3)/(-5) a composite number?
False
Let v(w) = -229*w - 9. Is v(-2) composite?
False
Let u(z) = 29*z - 4. Is u(9) a prime number?
True
Let a(i) = 329*i + 2. Is a(1) a composite number?
False
Let i(x) = -12*x**3 + 3*x**2 + x - 2. Let l be i(-2). Let d = -73 + l. Is d composite?
False
Let i = -12 - -799. Is i prime?
True
Let x = 256 - 150. Is x a composite number?
True
Let c = -17 + 8. Is (-1 + -2)/c*489 a prime number?
True
Let l(t) = 2*t**3 + 2*t**2 - 10*t - 11. Is l(7) a prime number?
False
Let m(k) = 165*k - 2. Let g be m(-5). Let j = -448 - g. Is j a prime number?
True
Let t = 306 + -179. Is t prime?
True
Let v be 2/4 + 4485/6. Suppose -9*c + v = -5*c. Is c a composite number?
True
Let p(o) = -o**3 + 7*o**2 + 6*o - 5. Let t = -6 + -1. Let a(b) = b + 14. Let h be a(t). Is p(h) prime?
True
Let u(b) = -b + 46*b**3 + 0*b - 12*b**3. Is u(1) composite?
True
Suppose -4*y + l + 367 = 0, 0*y - 5*y + 4*l + 456 = 0. Let s = y - 13. Is s a composite number?
False
Let f(q) be the second derivative of 5*q**3/3 - 3*q. Is f(1) a prime number?
False
Suppose -5*p + 13812 = 3*q, -3*q = -9*p + 5*p - 13839. Is q prime?
False
Let u(j) = 15*j**3 + 3*j**2 - 1. Suppose 3*x + 4 = -t + 3, t + 3 = -5*x. Let w be u(t). Is 2/8 - w/(-4) a prime number?
False
Let b be -9 - 119 - (-1 + 3). Let l = 383 + b. Is l a prime number?
False
Suppose 3785 = 5*d + 4*a, -d + 3*a = -494 - 263. Is d a prime number?
True
Let f(h) = 46*h + 7. Is f(4) a prime number?
True
Suppose -3*f - 345 = -2*d, 3*f - 189 = -d - f. Is d a prime number?
False
Let m = -12 - -14. Suppose -2*c = -f - 103, 3*c + m*c + 3*f - 252 = 0. Is c composite?
True
Let r(a) be the third derivative of 5/6*a**3 + 1/60*a**5 + 1/8*a**4 - a**2 + 0*a + 0. Is r(-5) prime?
False
Suppose -4*a = s - 9, 4*a + 3*s = 2*a - 3. Let n be 1*(-2 + a)*2. Suppose n*k - 42 = -4. Is k a composite number?
False
Let v = -185 - -312. Is v composite?
False
Let j be (-1)/(-2) + (-34)/4. Let b = j - -22. Is b a composite number?
True
Is 4 - 3 - 1 - -1291 a prime number?
True
Is -27 - -161 - 1*3 a prime number?
True
Suppose -5*s + 35 = 5*i, -8*i + 1 = -5*s - 4*i. Let z = 2 - 0. Suppose 0 = 3*u - 6 - 0, s*u = -z*f + 304. Is f a composite number?
False
Let f be 10/(0 + 2)*1. Suppose f*b = -2*g + 11, b + 4*g + 7 = 20. Is 87*b/(1/1) a prime number?
False
Let l(o) be the second derivative of -o**3/2 - o**2 - 3*o. Let r be l(-2). Is r/6 + (-76)/(-3) a composite number?
True
Let b(v) = 488*v - 1. Let z be b(1). Suppose -2*f + z = 77. Suppose -2*y + f = h, 3*y = 3*h - 416 - 190. Is h a prime number?
False
Suppose s - 225 = 2*i, i + 769 = 5*s - 311. Let l = -38 + s. Is l a prime number?
False
Suppose 3*v = 6*v - 351. Suppose f = 98 + v. Is f a composite number?
True
Let t = -2113 + 3510. Is t composite?
True
Suppose 0 = 4*o + 4*y - 8, -3*o - 5*y = -6*o + 14. Let g = 58 - o. Is g a composite number?
True
Let x(p) = -p**3 + 7*p**2 + 6*p + 7. Let v = -2 - -8. Is x(v) a prime number?
True
Let x be (-29)/2*-26 - 3. Suppose -x = -f - f. Is f composite?
True
Let y(c) = 16*c**2 - 2*c + 1. Suppose 10 - 26 = 4*x. Let u be y(x). Is u*3/9*3 prime?
False
Let m(r) = 20*r - 7. Let k(j) = 19*j - 7. Let s(n) = 3*k(n) - 2*m(n). Let a be s(5). Let g = a + 71. Is g composite?
False
Let c be (-2)/(5/(-3) - -1). Suppose 0 = -c*b - l + 396, 292 = 2*b - 5*l + 45. Is b a prime number?
True
Suppose 4*o + 5*w = 106, 5*o + 0*o - 3*w = 151. Suppose -5*b - o = -194. Suppose 5*a + b = 3*f + 2, -5*f - 2*a + 31 = 0. Is f prime?
True
Let k be (-1)/(-3) + 51/9. Suppose k = -2*l + 260. Is l a prime number?
True
Let a = -2 + 3. Let q(u) = 9*u + 2. Is q(a) a composite number?
False
Let d be ((-3)/(-1))/((-9)/(-6)). Let m = 47 - d. Let n = m + 34. Is n a composite number?
False
Let f be (-10)/6 + 4/6. Let s = f + 4. Suppose s*j = -2*u + 257, 3*j = 5*u + 39 + 190. Is j a composite number?
False
Let o(k) = k**3 - 7*k**2 - 8*k + 11. Let a be o(8). Let i = a - 7. Suppose -3*r + 3*v = -r - 105, -i*r + 240 = 4*v. Is r a composite number?
True
Let f = 9 - 5. Let n = f + 0. Suppose n*o + 117 = 329. Is o a prime number?
True
Let x = 10 + -7. Suppose x - 22 = -o. Is o a prime number?
True
Suppose 0 = -3*z - 2 + 11. Suppose -4*d - 5*f + 172 = 0, 5*d - z*f + 86 = 264. Is d composite?
True
Let v be 1/(-4) - (-1767)/(-4). Let m = 684 + v. Suppose 4*y - 66 = m. Is y a prime number?
False
Let j = 43 + -10. Let y = 85 + j. Is y a composite number?
True
Suppose -4*o + 4*p - 8 = 0, -o + 0*p - 5*p = -28. Suppose 5*w + f = -4*f + 25, 5*w + o*f = 19. Suppose w*b = -2*j + 182, 0 = -4*j + 3*j + 4. Is b prime?
False
Suppose -z = 4*z - 6685. Is z a prime number?
False
Let o = -5 - -6. Let m = o - -2. Is 102 + 3/(m - 0) a composite number?
False
Suppose -4*g = -5*k + 885, 5*g - k + 1122 = -0*k. Let m = -11 - g. Let y = -95 + m. Is y a prime number?
False
Is ((-2159)/(-17))/(0 + 1) composite?
False
Suppose -3*x = -0 - 9. Let o be (-32 + -2)/(2/(-5)). Is (o/(-2))/(x/(-6)) a composite number?
True
Is -3 - (0 - (-910)/(-5)) a prime number?
True
Suppose 2*g = -5*h + 35, -3*h - 2*g = 3*g - 2. Suppose -p - h = -62. Is p a composite number?
False
Let b(l) = 6*l**2 + l - 2. Suppose j = 3 - 0. Let s be -6*(-2)/(-2) + j. Is b(s) composite?
True
Let j be 176/(-24) - (-2)/(-3). Let f = -2 - j. Let h(q) = -q**2 + 6*q + 7. Is h(f) a composite number?
False
Let s = 212 - 99. Is s a prime number?
True
Let b = -9 + 9. Let k(x) = -x**2 + x + 57. Is k(b) composite?
True
Let i(x) = 13*x + 5. Let l(d) = -7*d**2 + 6*d**2 - 1 - 6 - 8*d. Let h be l(-5). Is i(h) prime?
True
Let s be 460 + 1*(-2)/(-1). Suppose 0*h - 2*h = s. Is h/(-6) + (-6)/4 composite?
False
Let n(k) = k**2 + k + 1. Let v(q) = -4*q**2 - 2. Let i(w) = -2*n(w) - 2*v(w). Let y(m) = -m**3 - 6*m**2 - m - 4. Let z be y(-6). Is i(z) composite?
True
Let s(x) = -8*x**2 + x + 3. Let c be s(-5). Let y = 293 - -58. Let z = y + c. Is z a prime number?
True
Suppose -5*a + 6 = 21. Let n(k) = k**2 + 3*k + 3. Let u be n(a). Let h = u - -50. Is h composite?
False
Let c be (-6 + 9)*8/6. Suppose -c*r + 5*j = -2*r - 46, 0 = -2*r - 4*j + 10. Is r a prime number?
True
Let t be (1 + 0)*-1 - -4. Suppose -48 = -2*l + l - 4*j, -t*l - 2*j = -94. Let x = 102 - l. Is x composite?
True
Let a be -36*9/6*-1. Let i = a + -29. Is i prime?
False
Let p(m) = -8*m**3 - 4*m**2 - 7*m. Is p(-2) prime?
False
Suppose 0 = -4*a + 2*f - 144, a + 5*f + 64 = 6. Let p = -54 - a. Let q = p + 30. Is q composite?
True
Suppose 4*m = 201 - 757. Suppose -3*s + 0*s - 5*n - 785 = 0, 0 = -4*s - 2*n - 1070. Let o = m - s. Is o composite?
False
Let g(m) be the second derivative of -m**3/6 - 5*m**2/2 - 2*m. Let s be g(-5). Suppose 5*o - 105 = -s*o. Is o a prime number?
False
Suppose v + 4*v - 595 = 0. Is v prime?
False
Let r be 3558/(-4)*(-28)